[INFO] cloning repository https://github.com/mlsteele/batwarn
[INFO] running `Command { std: "git" "-c" "credential.helper=" "-c" "credential.helper=/workspace/cargo-home/bin/git-credential-null" "clone" "--bare" "https://github.com/mlsteele/batwarn" "/workspace/cache/git-repos/https%3A%2F%2Fgithub.com%2Fmlsteele%2Fbatwarn", kill_on_drop: false }`
[INFO] [stderr] Cloning into bare repository '/workspace/cache/git-repos/https%3A%2F%2Fgithub.com%2Fmlsteele%2Fbatwarn'...
[INFO] running `Command { std: "git" "rev-parse" "HEAD", kill_on_drop: false }`
[INFO] [stdout] 1958769c3c23c0b37d31ffea41b06763bb6b91c3
[INFO] checking mlsteele/batwarn against try#72f88fc4e9458f89516a0b8b0868f3718aec5b47 for pr-74989
[INFO] running `Command { std: "git" "clone" "/workspace/cache/git-repos/https%3A%2F%2Fgithub.com%2Fmlsteele%2Fbatwarn" "/workspace/builds/worker-6/source", kill_on_drop: false }`
[INFO] [stderr] Cloning into '/workspace/builds/worker-6/source'...
[INFO] [stderr] done.
[INFO] validating manifest of git repo https://github.com/mlsteele/batwarn on toolchain 72f88fc4e9458f89516a0b8b0868f3718aec5b47
[INFO] running `Command { std: "/workspace/cargo-home/bin/cargo" "+72f88fc4e9458f89516a0b8b0868f3718aec5b47" "read-manifest" "--manifest-path" "Cargo.toml", kill_on_drop: false }`
[INFO] started tweaking git repo https://github.com/mlsteele/batwarn
[INFO] finished tweaking git repo https://github.com/mlsteele/batwarn
[INFO] tweaked toml for git repo https://github.com/mlsteele/batwarn written to /workspace/builds/worker-6/source/Cargo.toml
[INFO] crate git repo https://github.com/mlsteele/batwarn already has a lockfile, it will not be regenerated
[INFO] running `Command { std: "/workspace/cargo-home/bin/cargo" "+72f88fc4e9458f89516a0b8b0868f3718aec5b47" "fetch" "--locked" "--manifest-path" "Cargo.toml", kill_on_drop: false }`
[INFO] [stderr] warning: dependency (regex) specified without providing a local path, Git repository, or version to use. This will be considered an error in future versions
[INFO] [stderr] warning: dependency (time) specified without providing a local path, Git repository, or version to use. This will be considered an error in future versions
[INFO] [stderr] warning: unused manifest key: dependencies.regex.regex
[INFO] [stderr] warning: unused manifest key: dependencies.time.regex
[INFO] [stderr] error: the lock file /workspace/builds/worker-6/source/Cargo.lock needs to be updated but --locked was passed to prevent this
[INFO] [stderr] If you want to try to generate the lock file without accessing the network, use the --offline flag.
[INFO] the lockfile is outdated, regenerating it
[INFO] running `Command { std: "/workspace/cargo-home/bin/cargo" "+72f88fc4e9458f89516a0b8b0868f3718aec5b47" "generate-lockfile" "--manifest-path" "Cargo.toml" "-Zno-index-update", kill_on_drop: false }`
[INFO] running `Command { std: "/workspace/cargo-home/bin/cargo" "+72f88fc4e9458f89516a0b8b0868f3718aec5b47" "fetch" "--locked" "--manifest-path" "Cargo.toml", kill_on_drop: false }`
[INFO] [stderr] warning: dependency (regex) specified without providing a local path, Git repository, or version to use. This will be considered an error in future versions
[INFO] [stderr] warning: dependency (time) specified without providing a local path, Git repository, or version to use. This will be considered an error in future versions
[INFO] [stderr] warning: unused manifest key: dependencies.regex.regex
[INFO] [stderr] warning: unused manifest key: dependencies.time.regex
[INFO] running `Command { std: "docker" "create" "-v" "/var/lib/crater-agent-workspace/builds/worker-6/target:/opt/rustwide/target:rw,Z" "-v" "/var/lib/crater-agent-workspace/builds/worker-6/source:/opt/rustwide/workdir:ro,Z" "-v" "/var/lib/crater-agent-workspace/cargo-home:/opt/rustwide/cargo-home:ro,Z" "-v" "/var/lib/crater-agent-workspace/rustup-home:/opt/rustwide/rustup-home:ro,Z" "-e" "SOURCE_DIR=/opt/rustwide/workdir" "-e" "CARGO_TARGET_DIR=/opt/rustwide/target" "-e" "CARGO_HOME=/opt/rustwide/cargo-home" "-e" "RUSTUP_HOME=/opt/rustwide/rustup-home" "-w" "/opt/rustwide/workdir" "-m" "1610612736" "--user" "0:0" "--network" "none" "rustops/crates-build-env@sha256:d92eaeed33fa75130ca1ee6c8a01d1ffb62bac859dfdfb3450e3e5d1c0146529" "/opt/rustwide/cargo-home/bin/cargo" "+72f88fc4e9458f89516a0b8b0868f3718aec5b47" "metadata" "--no-deps" "--format-version=1", kill_on_drop: false }`
[INFO] [stderr] WARNING: Your kernel does not support swap limit capabilities or the cgroup is not mounted. Memory limited without swap.
[INFO] [stdout] 51280fd7cbe40f6f8bcd182bc74dddcc7ab045d6f887317e1118dccfc68d56c4
[INFO] running `Command { std: "docker" "start" "-a" "51280fd7cbe40f6f8bcd182bc74dddcc7ab045d6f887317e1118dccfc68d56c4", kill_on_drop: false }`
[INFO] running `Command { std: "docker" "inspect" "51280fd7cbe40f6f8bcd182bc74dddcc7ab045d6f887317e1118dccfc68d56c4", kill_on_drop: false }`
[INFO] running `Command { std: "docker" "rm" "-f" "51280fd7cbe40f6f8bcd182bc74dddcc7ab045d6f887317e1118dccfc68d56c4", kill_on_drop: false }`
[INFO] [stdout] 51280fd7cbe40f6f8bcd182bc74dddcc7ab045d6f887317e1118dccfc68d56c4
[INFO] running `Command { std: "docker" "create" "-v" "/var/lib/crater-agent-workspace/builds/worker-6/target:/opt/rustwide/target:rw,Z" "-v" "/var/lib/crater-agent-workspace/builds/worker-6/source:/opt/rustwide/workdir:ro,Z" "-v" "/var/lib/crater-agent-workspace/cargo-home:/opt/rustwide/cargo-home:ro,Z" "-v" "/var/lib/crater-agent-workspace/rustup-home:/opt/rustwide/rustup-home:ro,Z" "-e" "SOURCE_DIR=/opt/rustwide/workdir" "-e" "CARGO_TARGET_DIR=/opt/rustwide/target" "-e" "CARGO_INCREMENTAL=0" "-e" "RUST_BACKTRACE=full" "-e" "RUSTFLAGS=--cap-lints=forbid" "-e" "CARGO_HOME=/opt/rustwide/cargo-home" "-e" "RUSTUP_HOME=/opt/rustwide/rustup-home" "-w" "/opt/rustwide/workdir" "-m" "1610612736" "--user" "0:0" "--network" "none" "rustops/crates-build-env@sha256:d92eaeed33fa75130ca1ee6c8a01d1ffb62bac859dfdfb3450e3e5d1c0146529" "/opt/rustwide/cargo-home/bin/cargo" "+72f88fc4e9458f89516a0b8b0868f3718aec5b47" "check" "--frozen" "--all" "--all-targets" "--message-format=json", kill_on_drop: false }`
[INFO] [stdout] 211b0599f23db0288391acc117107ecfdbdafd24601f66c94ad04a02397476c8
[INFO] [stderr] WARNING: Your kernel does not support swap limit capabilities or the cgroup is not mounted. Memory limited without swap.
[INFO] running `Command { std: "docker" "start" "-a" "211b0599f23db0288391acc117107ecfdbdafd24601f66c94ad04a02397476c8", kill_on_drop: false }`
[INFO] [stderr] warning: dependency (regex) specified without providing a local path, Git repository, or version to use. This will be considered an error in future versions
[INFO] [stderr] warning: dependency (time) specified without providing a local path, Git repository, or version to use. This will be considered an error in future versions
[INFO] [stderr] warning: unused manifest key: dependencies.regex.regex
[INFO] [stderr] warning: unused manifest key: dependencies.time.regex
[INFO] [stderr]    Compiling version_check v0.9.2
[INFO] [stderr]    Compiling proc-macro2 v1.0.21
[INFO] [stderr]    Compiling unicode-xid v0.2.1
[INFO] [stderr]    Compiling syn v1.0.41
[INFO] [stderr]    Compiling memchr v2.3.3
[INFO] [stderr]    Compiling libc v0.2.77
[INFO] [stderr]    Compiling const_fn v0.4.2
[INFO] [stderr]    Compiling proc-macro-hack v0.5.18
[INFO] [stderr]     Checking lazy_static v1.4.0
[INFO] [stderr]     Checking thread_local v1.0.1
[INFO] [stderr]    Compiling standback v0.2.10
[INFO] [stderr]    Compiling time v0.2.19
[INFO] [stderr]     Checking aho-corasick v0.7.13
[INFO] [stderr]    Compiling quote v1.0.7
[INFO] [stderr]     Checking regex v1.3.9
[INFO] [stderr]    Compiling time-macros-impl v0.1.1
[INFO] [stderr]     Checking time-macros v0.1.0
[INFO] [stderr]     Checking batwarn v0.1.0 (/opt/rustwide/workdir)
[INFO] [stdout] warning: use of deprecated function `std::thread::sleep_ms`: replaced by `std::thread::sleep`
[INFO] [stdout]  --> src/main.rs:8:5
[INFO] [stdout]   |
[INFO] [stdout] 8 | use std::thread::sleep_ms;
[INFO] [stdout]   |     ^^^^^^^^^^^^^^^^^^^^^
[INFO] [stdout]   |
[INFO] [stdout]   = note: `#[warn(deprecated)]` on by default
[INFO] [stdout] 
[INFO] [stdout] 
[INFO] [stdout] warning: use of deprecated function `std::thread::sleep_ms`: replaced by `std::thread::sleep`
[INFO] [stdout]   --> src/main.rs:77:9
[INFO] [stdout]    |
[INFO] [stdout] 77 |         sleep_ms(poll_delay.num_milliseconds() as u32);
[INFO] [stdout]    |         ^^^^^^^^
[INFO] [stdout] 
[INFO] [stdout] 
[INFO] [stdout] warning: use of deprecated associated function `time::Duration::num_milliseconds`: Use the `whole_milliseconds` function. The value is clamped between `i64::min_value()` and `i64::max_value()`.
[INFO] [stdout]   --> src/main.rs:77:29
[INFO] [stdout]    |
[INFO] [stdout] 77 |         sleep_ms(poll_delay.num_milliseconds() as u32);
[INFO] [stdout]    |                             ^^^^^^^^^^^^^^^^
[INFO] [stdout] 
[INFO] [stdout] 
[INFO] [stdout] warning: use of deprecated function `std::thread::sleep_ms`: replaced by `std::thread::sleep`
[INFO] [stdout]  --> src/main.rs:8:5
[INFO] [stdout]   |
[INFO] [stdout] 8 | use std::thread::sleep_ms;
[INFO] [stdout]   |     ^^^^^^^^^^^^^^^^^^^^^
[INFO] [stdout]   |
[INFO] [stdout]   = note: `#[warn(deprecated)]` on by default
[INFO] [stdout] 
[INFO] [stdout] 
[INFO] [stdout] warning: use of deprecated function `std::thread::sleep_ms`: replaced by `std::thread::sleep`
[INFO] [stdout]   --> src/main.rs:77:9
[INFO] [stdout]    |
[INFO] [stdout] 77 |         sleep_ms(poll_delay.num_milliseconds() as u32);
[INFO] [stdout]    |         ^^^^^^^^
[INFO] [stdout] 
[INFO] [stdout] 
[INFO] [stdout] warning: use of deprecated associated function `time::Duration::num_milliseconds`: Use the `whole_milliseconds` function. The value is clamped between `i64::min_value()` and `i64::max_value()`.
[INFO] [stdout]   --> src/main.rs:77:29
[INFO] [stdout]    |
[INFO] [stdout] 77 |         sleep_ms(poll_delay.num_milliseconds() as u32);
[INFO] [stdout]    |                             ^^^^^^^^^^^^^^^^
[INFO] [stdout] 
[INFO] [stdout] 
[INFO] [stdout] error[E0599]: no method named `at` found for struct `regex::Captures<'_>` in the current scope
[INFO] [stdout]    --> src/main.rs:103:42
[INFO] [stdout]     |
[INFO] [stdout] 103 |                     let state = captures.at(1).unwrap();
[INFO] [stdout]     |                                          ^^ method not found in `regex::Captures<'_>`
[INFO] [stdout] 
[INFO] [stdout] 
[INFO] [stdout] error[E0599]: no method named `at` found for struct `regex::Captures<'_>` in the current scope
[INFO] [stdout]    --> src/main.rs:104:48
[INFO] [stdout]     |
[INFO] [stdout] 104 |                     let percent_str = captures.at(2).unwrap();
[INFO] [stdout]     |                                                ^^ method not found in `regex::Captures<'_>`
[INFO] [stdout] 
[INFO] [stdout] 
[INFO] [stdout] error: aborting due to 2 previous errors; 3 warnings emitted
[INFO] [stdout] 
[INFO] [stdout] 
[INFO] [stdout] For more information about this error, try `rustc --explain E0599`.
[INFO] [stdout] 
[INFO] [stderr] error: could not compile `batwarn`.
[INFO] [stderr] 
[INFO] [stderr] To learn more, run the command again with --verbose.
[INFO] [stderr] warning: build failed, waiting for other jobs to finish...
[INFO] [stdout] error[E0599]: no method named `at` found for struct `regex::Captures<'_>` in the current scope
[INFO] [stdout]    --> src/main.rs:103:42
[INFO] [stdout]     |
[INFO] [stdout] 103 |                     let state = captures.at(1).unwrap();
[INFO] [stdout]     |                                          ^^ method not found in `regex::Captures<'_>`
[INFO] [stdout] 
[INFO] [stdout] 
[INFO] [stdout] error[E0599]: no method named `at` found for struct `regex::Captures<'_>` in the current scope
[INFO] [stdout]    --> src/main.rs:104:48
[INFO] [stdout]     |
[INFO] [stdout] 104 |                     let percent_str = captures.at(2).unwrap();
[INFO] [stdout]     |                                                ^^ method not found in `regex::Captures<'_>`
[INFO] [stdout] 
[INFO] [stdout] 
[INFO] [stdout] error: aborting due to 2 previous errors; 3 warnings emitted
[INFO] [stdout] 
[INFO] [stdout] 
[INFO] [stdout] For more information about this error, try `rustc --explain E0599`.
[INFO] [stdout] 
[INFO] [stderr] error: build failed
[INFO] running `Command { std: "docker" "inspect" "211b0599f23db0288391acc117107ecfdbdafd24601f66c94ad04a02397476c8", kill_on_drop: false }`
[INFO] running `Command { std: "docker" "rm" "-f" "211b0599f23db0288391acc117107ecfdbdafd24601f66c94ad04a02397476c8", kill_on_drop: false }`
[INFO] [stdout] 211b0599f23db0288391acc117107ecfdbdafd24601f66c94ad04a02397476c8
